and b.
19
Let f be -3 + -53 + (-2 - -1) + 0. Let z = f - -83. What is the greatest common factor of 234 and z?
26
Let l = 368 - 364. Let t(z) = 4*z - 4. Let s be t(3). Let y = s - l. Calculate the greatest common divisor of y and 4.
4
Suppose -5*w + 3*k = -75, -2 = 4*w + 3*k - 62. Suppose -40*u = -36*u - 2712. Suppose -9*o = -u - 267. What is the greatest common factor of o and w?
15
Let x be -5 + 6 + (-8)/2. Let u be 4/(-4) + 43 - (x - -2). What is the greatest common factor of 301 and u?
43
Suppose -5*o - 4*r + r + 2675 = 0, 0 = -3*o + 3*r + 1581. What is the highest common factor of o and 76?
76
Let a be (25080/54)/11 + 2/(-9). What is the highest common factor of 114 and a?
6
Let b be (54/(-36))/(1 + (-81)/78). What is the highest common factor of b and 312?
39
Let d = -1 - -11. Suppose -89*a = -84*a - 250. Calculate the greatest common divisor of d and a.
10
Let p be (-7)/(-1) - -275 - -6. Calculate the greatest common factor of p and 54.
18
Suppose 0 = 5*w - r - 3352, 0 = -4*w + 4*r + 1337 + 1335. What is the greatest common factor of w and 61?
61
Suppose 306 = 4*c + 22. Suppose c = -d + 191. What is the greatest common factor of 15 and d?
15
Let h = 176 + -172. Calculate the greatest common factor of h and 5.
1
Let m = -3 - -6. Suppose 2*x = 7*x + 3*k + 7, -3*x - 3*k = m. Let r be (-1)/x + (-515)/(-10). What is the greatest common divisor of 130 and r?
26
Let z = 201 - 91. Let g = z + -92. Calculate the greatest common divisor of 9 and g.
9
Suppose -o + 12*o - 308 = 0. What is the greatest common factor of 196 and o?
28
Let b be -16*(3/(-3))/1. Suppose -m + b = 2. Suppose 25*q - 1199 = 1251. Calculate the greatest common factor of q and m.
14
Let j(x) = -13*x - 152. Let t be j(-14). What is the highest common divisor of t and 432?
6
Suppose 46 = -21*v + 23*v. Suppose v + 1 = 2*q. What is the highest common divisor of q and 96?
12
Suppose -5*o - 5*j = -105, 2*j + 98 = o + 4*o. Let g be 3 - (0 + 2 + -2). Suppose g*s + 720 = 7*s. Calculate the highest common factor of s and o.
20
Let o(y) = y + 1. Let n be -9*2/(-12)*2. Let x be o(n). Suppose -w = -x*w + 4*l + 182, -l = -4*w + 260. Calculate the greatest common divisor of w and 6.
6
Let k(l) = 4*l**2 - 2. Let h be k(2). Let q(c) = 6*c**3 + c**2 + 2*c - 1. Let o be q(3). Let a be o/6 - 12/9. What is the highest common divisor of a and h?
14
Let y be 6*22/6 + -4. Suppose -y + 93 = 3*d. Suppose 4*k - 7 = 13. What is the highest common divisor of k and d?
5
Suppose 9*t = o + 7*t - 29, -160 = -5*o - 5*t. What is the greatest common divisor of o and 93?
31
Let g(l) = -81*l - 132. Let j be g(-2). Suppose 4*a = 5*i - 115, -5*a + a - 58 = -2*i. Let s = -13 + i. Calculate the highest common factor of s and j.
6
Let q(n) = -498*n + 1503. Let j be q(3). Suppose 2*z + 35 = -3*y + 8*y, -y = -z - 4. Calculate the greatest common factor of j and y.
9
Suppose u = -2*u + 180. Let y = 0 - -15. Suppose 0 - y = -z. Calculate the highest common divisor of u and z.
15
Let w(j) = -48*j - 240. Let o be w(-6). Let c(h) = 24*h. Let m be c(5). Calculate the highest common divisor of o and m.
24
Suppose -2*s + 7*k - 5*k + 64 = 0, 3*k + 127 = 4*s. What is the greatest common divisor of s and 124?
31
Let q(k) = k**3 - 26*k**2 + 29*k - 42. Let s be q(25). What is the greatest common factor of s and 928?
58
Suppose -3*d = 9, 2*a - d = d + 38. Suppose 6*u = 2*u + a. What is the greatest common divisor of 16 and u?
4
Suppose -3*u + 421 = 4*z, 5*u = -5*z + 9*z + 755. What is the highest common divisor of u and 98?
49
Suppose -2836 = -17*h + 1414. What is the greatest common divisor of h and 50?
50
Let p = -872 - -1250. What is the greatest common divisor of p and 14?
14
Suppose 54*n = 44*n + 3660. What is the highest common factor of n and 6?
6
Let g = -6 + 12. Let n = 709 - 667. Calculate the greatest common divisor of g and n.
6
Let m = 39 - 29. Suppose m = f + 6. Suppose 5*q = o + 4*o + 245, f*o = -q + 29. What is the greatest common factor of q and 5?
5
Suppose m - 28 = 92. Let h(y) = 6*y - 15. Suppose -12*u + 20 = -40. Let s be h(u). What is the greatest common divisor of m and s?
15
Suppose 9 = 3*n, 7*m - 3*n + 534 = 10*m. Calculate the greatest common divisor of 140 and m.
35
Suppose 10 + 20 = 6*g. Suppose 5*n - 166 = -4*z, -g*n + 0*z + 5*z + 130 = 0. Suppose -3*t = -171 - 549. What is the greatest common factor of t and n?
30
Suppose -25*r + 4*y = -24*r - 65, -3*r + 115 = 4*y. Calculate the greatest common factor of r and 3015.
45
Suppose 4*l - 5*a = 152, -5*l - a - 3*a + 190 = 0. Let h(z) = -z + 114. Let w be h(0). Calculate the highest common divisor of l and w.
38
Let x(q) = 8*q**2 + q. Let r be x(1). Let z = -1178 + 1179. What is the greatest common factor of r and z?
1
Let c = 157 - 49. Calculate the greatest common divisor of 135 and c.
27
Let r = -71 - -99. Let a = -20 + r. What is the highest common divisor of a and 64?
8
Let o(x) = 3*x**2 - 9*x + 48. Let u be o(16). What is the greatest common divisor of u and 21?
21
Suppose 3*w + 2*s = 51, 3*s - 59 = -2*w - 20. Calculate the highest common divisor of 5 and w.
5
Suppose -8 + 0 = -4*s. Let k(b) = 8*b**2 - 2*b + 2. Let m be k(s). Let a = 58 - m. What is the greatest common divisor of a and 70?
14
Let b(k) = -k**2 + 5*k + 11. Let m be b(7). Let q = -1 - m. What is the greatest common divisor of 2 and q?
2
Let v(h) = h**3 + 12*h**2 + 4*h - 5. Let g be v(-12). Let f = 65 + g. What is the greatest common factor of f and 30?
6
Let k be (57 + -47)*1/2. What is the greatest common factor of k and 19?
1
Let c(u) be the first derivative of -u**4/4 + 7*u**3 - 10*u**2 + 4*u - 6. Let w be c(20). What is the greatest common factor of 3 and w?
1
Let n = 220 + -17. Calculate the highest common divisor of n and 29.
29
Suppose 3*w - 21*t - 266 = -22*t, 98 = w + 5*t. What is the highest common divisor of w and 99?
11
Let b be (34/(-3))/((-3)/216). Let w be b/(-17) - (0 + 3). Let h = -33 - w. Calculate the highest common divisor of 9 and h.
9
Let g be 94/18 - (-2)/(-9). Suppose 8 = g*t - 12. Calculate the highest common factor of t and 16.
4
Let u be 255 + 0*(0 + 1). What is the greatest common divisor of 15 and u?
15
Let o(u) = -10*u - 248. Let g be o(-30). What is the highest common divisor of 1534 and g?
26
Let r be 2 + 5 + 4/2. Let u(s) = -11*s + 1. Let o be u(-5). Let w = o - -43. What is the greatest common factor of r and w?
9
Let m = 28 + -20. Suppose k + 19 = f - 0, -2*k = m. Suppose 0 = -6*a - 5 + 35. What is the greatest common factor of f and a?
5
Let l(a) = -2*a + 1. Suppose 3*h = -3*h. Let s be l(h). Suppose -w = -s - 13. Calculate the highest common divisor of 112 and w.
14
Suppose j + 9 = 4*s, 5*s - 3*s + 3 = -j. Let c be 0/1 + (16 - 0/s). What is the greatest common factor of 4 and c?
4
Let g(o) = 6 + 3*o**3 - 2*o**2 - 2 - o + 0*o**2 + 2*o. Let m be g(2). Suppose 3*w - n - 16 = n, 5*w = -2*n. What is the greatest common factor of w and m?
2
Let l(r) = -4*r - 20. Let o be l(-6). Suppose -x = -2*f - 4, o*f + 58 - 14 = 5*x. What is the highest common divisor of x and 132?
12
Let j(g) = -68*g - 46. Let q be j(-2). Suppose -2*l + 64 = -56. Calculate the highest common divisor of q and l.
30
Let y be 5 - ((-49)/35 - 2/(-5)). Suppose -y*z - 126 = -7*z. What is the greatest common divisor of 21 and z?
21
Suppose 34*m - 37820 = -27*m. Calculate the greatest common factor of m and 124.
124
Suppose 52*u - 48*u - 5*i - 135 = 0, 5*u - i = 153. What is the greatest common factor of u and 405?
15
Suppose -223*h - 12 = -225*h. What is the highest common divisor of 246 and h?
6
Suppose 12 = -5*c + 2. Let m be (-12 + c)*2/(-4). Suppose 162 + 13 = 5*f. Calculate the highest common divisor of f and m.
7
Let s = -79 + 83. Suppose -s*j = -3*f + 186, f - 2*j - 75 = -5*j. What is the greatest common factor of 6 and f?
6
Suppose 0 = -4*i + l + 1677, 3*i - 2*i = l + 417. What is the highest common factor of 126 and i?
42
Let l be (2/3)/(20/30). Let s(i) = 3 + l + 2 - 17*i - 7. Let x be s(-1). Calculate the greatest common factor of x and 8.
8
Let s = 28 + 60. What is the greatest common factor of 24 and s?
8
Let l be (-371)/(-21) + -6 - 2/(-6). Suppose -198 = -l*h + 9*h. Calculate the greatest common divisor of 99 and h.
33
Let t be -9*((-10)/(-3))/(-5). Let p(i) = 7*i**2 + 114*i + 